False
Is 591944237 a composite number?
True
Is 17355267823 a composite number?
True
Is 10276171 a composite number?
False
Is 273847201 prime?
True
Is 152835257 a prime number?
True
Is 107558919239 composite?
False
Is 3547683073 a prime number?
False
Is 1795010221 composite?
False
Is 571674905 composite?
True
Is 44611022509 a prime number?
False
Is 5240126701 prime?
True
Is 348767879 a composite number?
True
Is 10192149083 composite?
False
Is 8078250667 a prime number?
False
Is 46403985347 composite?
False
Is 857982631 composite?
True
Is 4928563693 prime?
True
Is 36374648347 composite?
True
Is 200336401 prime?
True
Is 26112020479 prime?
True
Is 26439562033 composite?
True
Is 3234778783 a composite number?
False
Is 183397229 composite?
True
Is 15253786271 a composite number?
False
Is 57149847899 prime?
False
Is 312785810713 a composite number?
True
Is 82519458547 a composite number?
False
Is 2233650691 composite?
False
Is 1571032559 prime?
False
Is 2630089387 prime?
True
Is 30905068889 composite?
False
Is 59925049081 a prime number?
True
Is 1394386577 a composite number?
True
Is 3405477223 prime?
True
Is 2218527037 composite?
False
Is 23713847411 prime?
True
Is 469711367 composite?
True
Is 1160982682 a composite number?
True
Is 3327067613 composite?
False
Is 1426151261 a prime number?
True
Is 22772578379 composite?
False
Is 2117804813 composite?
False
Is 469527503 a prime number?
True
Is 4073866087 a prime number?
True
Is 20712877693 a prime number?
False
Is 7974806341 a prime number?
True
Is 1589710831 a prime number?
False
Is 44362389145 a prime number?
False
Is 4070374977 a prime number?
False
Is 33968357837 a prime number?
True
Is 31778111929 composite?
False
Is 982206923 a composite number?
False
Is 3704563769 prime?
True
Is 4616443307 composite?
True
Is 1020669523 prime?
True
Is 116797067 prime?
True
Is 648718753 a composite number?
False
Is 14752868047 prime?
True
Is 16124619503 prime?
True
Is 2805666793 composite?
False
Is 1980560003 a prime number?
True
Is 45488291 a composite number?
False
Is 40490847587 composite?
False
Is 3650091563 prime?
True
Is 140090389547 a composite number?
False
Is 505811077 prime?
False
Is 25863581423 a composite number?
True
Is 1178782109 composite?
True
Is 120060639683 a prime number?
True
Is 14199364849 a prime number?
True
Is 267272683 a composite number?
False
Is 25566677447 a prime number?
True
Is 14156555599 a prime number?
True
Is 3377498629 a composite number?
False
Is 187583173 composite?
False
Is 1218909889 a composite number?
True
Is 280323383 composite?
False
Is 7569706741 a prime number?
True
Is 7824195653 a prime number?
False
Is 50282045231 prime?
False
Is 42164651677 a prime number?
True
Is 6746753623 composite?
False
Is 9222015379 prime?
True
Is 181418533 composite?
True
Is 59564884913 composite?
False
Is 38276806283 a prime number?
True
Is 513139487 composite?
True
Is 1833171937 prime?
True
Is 5536876363 a prime number?
False
Is 2733652367 composite?
True
Is 302749098539 a composite number?
True
Is 428021179 prime?
False
Is 19543074793 a composite number?
True
Is 1955644109 prime?
True
Is 6075413051 a prime number?
True
Is 10654285001 prime?
True
Is 2215364323 composite?
True
Is 48303752149 prime?
False
Is 1725899927 a prime number?
True
Is 2784946897 a composite number?
False
Is 796025467 a composite number?
False
Is 37929467087 a prime number?
True
Is 99425511893 a composite number?
False
Is 2271081023 prime?
False
Is 1575598435 composite?
True
Is 2416200223 prime?
False
Is 1818689159 prime?
False
Is 188911297 a prime number?
False
Is 2213640547 a composite number?
False
Is 67386146361 a composite number?
True
Is 243123852943 a composite number?
True
Is 619135313 prime?
True
Is 22590358493 prime?
False
Is 9702726079 prime?
True
Is 79463894753 prime?
True
Is 3668695067 composite?
False
Is 1381517659 composite?
False
Is 65406857 composite?
False
Is 2686545229 a composite number?
False
Is 5042946781 a composite number?
True
Is 3853746755 a prime number?
False
Is 426981277 a composite number?
False
Is 779581966 a prime number?
False
Is 38050955269 prime?
True
Is 29816173799 a prime number?
True
Is 301854851 a composite number?
False
Is 74248753951 a prime number?
True
Is 5082021019 a prime number?
False
Is 39426991081 composite?
False
Is 115431301 prime?
False
Is 94906622705 a prime number?
False
Is 5879334557 prime?
True
Is 553214107 a composite number?
True
Is 1488123409 composite?
True
Is 48123931 prime?
False
Is 910825393 a prime number?
True
Is 71271128341 a prime number?
False
Is 20655311419 a prime number?
True
Is 36212395 prime?
False
Is 2597439139 a composite number?
False
Is 120980147 a composite number?
False
Is 945963653 composite?
True
Is 2237095565 prime?
False
Is 175538337761 a prime number?
True
Is 69025903 composite?
False
Is 965089501 a composite number?
True
Is 3675728323 prime?
False
Is 320526901 composite?
False
Is 8305303519 composite?
True
Is 2450193371 a prime number?
True
Is 15693842917 a prime number?
False
Is 5740975991 a prime number?
True
Is 14644118683 a composite number?
True
Is 2048126719 a prime number?
False
Is 21408015523 a prime number?
True
Is 9547723603 prime?
False
Is 104104834297 prime?
True
Is 1668140171 a composite number?
False
Is 44138309 prime?
False
Is 2672257273 a prime number?
False
Is 5810855827 composite?
True
Is 1611510983 prime?
True
Is 62887971943 prime?
True
Is 27695332487 a composite number?
False
Is 132127316537 prime?
False
Is 2628163691 composite?
True
Is 27259340707 prime?
False
Is 10975657505 a composite number?
True
Is 8212137371 a prime number?
False
Is 110830030621 composite?
True
Is 5405833613 composite?
True
Is 3208702841 a prime number?
True
Is 177356119 a prime number?
False
Is 1230480221 a composite number?
True
Is 64072961 a prime number?
True
Is 20095211119 prime?
False
Is 6769085093 prime?
True
Is 105081947809 a prime number?
True
Is 31722787777 a prime number?
True
Is 59340643 prime?
True
Is 4443309041 prime?
True
Is 8338381483 prime?
False
Is 179982709 prime?
True
Is 1334087221 prime?
False
Is 13595068819 prime?
True
Is 55698313523 prime?
True
Is 202057079999 a prime number?
True
Is 4502045069 composite?
False
Is 9918129839 a prime number?
True
Is 25928250793 prime?
False
Is 17832326573 prime?
True
Is 94184971339 a composite number?
True
Is 356135383 composite?
True
Is 6326961803 a prime number?
True
Is 3917619221 prime?
False
Is 7294099663 a prime number?
True
Is 1530981317 a composite number?
True
Is 532190777 a prime number?
False
Is 12004597921 a prime number?
True
Is 2448364523 composite?
True
Is 553601411 a composite number?
True
Is 4444789469 composite?
True
Is 998044273 composite?
True
Is 22406401663 a prime number?
True
Is 648690359 a prime number?
False
Is 385051063 composite?
True
Is 722550671 composite?
False
Is 46630174333 a prime number?
False
Is 1881095737 a prime number?
False
Is 6517474163 prime?
False
Is 3378354409 prime?
True
Is 13426686865 a composite number?
True
Is 453215579 a composite number?
True
Is 313033703 a composite number?
True
Is 404599333 a composite number?
False
Is 276986111 a composite number?
True
Is 3512322181 a prime number?
True
Is 158402369 a composite number?
True
Is 60814172977 a composite number?
False
Is 1126756231 composite?
False
Is 512118149 composite?
True
Is 267290381 a prime number?
True
Is 23530786 a composite number?
True
Is 162218227 a prime number?
True
Is 1680364177 a composite number?
True
Is 2512802459 composite?
True
Is 18464582033 a prime number?
False
Is 18449849729 a prime number?
True
Is 359900029 composite?
False
Is 7527678541 a composite number?
False
Is 9614934113 composite?
True
Is 145175592361 prime?
False
Is 239248367 prime?
True
Is 32428684289 prime?
False
Is 3703704157 a prime number?
True
Is 3832580047 prime?
False
Is 529455841 a composite number?
True
Is 15233293037 a composite number?
True
Is 83618384947 a prime number?
False
Is 17217242615 prime?
False
Is 11186565121 a prime number?
True
Is 43086878179 a composite number?
False
Is 11024997617 a composite number?
True
Is 263385485033 prime?
False
Is 4663956959 composite?
True
Is 1885148959 a composite number?
False
Is 6096447047 a composite number?
False
Is 21074364163 composite?
False
Is 8674